b09 (base 14) to base 16.
-19c87d
Convert -70b943 (base 14) to base 13.
-a2c218
What is -c0aa0 (base 16) in base 12?
-320828
-10101100111011111 (base 2) to base 11
-60584
What is 52ba7 (base 13) in base 3?
21120122202
What is 8082a (base 13) in base 5?
24324001
-27a781 (base 13) to base 9
-1731708
Convert 2451041 (base 6) to base 8.
400101
What is 222211323 (base 4) in base 10?
174459
What is 986d8 (base 16) in base 6?
21214252
-140053540 (base 6) to base 15
-3a692c
Convert -3a7473a (base 11) to base 9.
-14210617
Convert 1311001040 (base 5) to base 4.
30101313033
Convert 8010624 (base 9) to base 10.
4258597
What is 76810 (base 15) in base 8?
1337170
Convert 53aa8 (base 11) to base 10.
78526
Convert -1110000101111100101010 (base 2) to base 4.
-32011330222
Convert -8931b (base 12) to base 3.
-100020111212
Convert -2330033101 (base 4) to base 9.
-1404574
1001122201201 (base 3) to base 7
4536313
10100101101000010 (base 2) to base 8
245502
What is 1e494 (base 15) in base 13?
3603a
What is 60c67 (base 14) in base 2?
111000110111101011
What is 22111001022 (base 3) in base 2?
101000110001000000
Convert 1955972 (base 10) to base 2.
111011101100010000100
17115 (base 12) to base 15
9b98
-76814a (base 12) to base 6
-104144534
Convert 60843 (base 14) to base 8.
705273
2a60a9 (base 11) to base 3
220012210111
Convert 740100 (base 9) to base 13.
125178
Convert 1403104013 (base 5) to base 6.
204233513
Convert 4145343 (base 6) to base 10.
200799
-115140125 (base 6) to base 9
-4131758
Convert 4b4d0 (base 14) to base 12.
8ab52
Convert 20a3a0 (base 11) to base 5.
41222020
Convert 24e2e (base 16) to base 2.
100100111000101110
1502317 (base 11) to base 3
11212001220100
1060308 (base 9) to base 10
571058
What is -1102212121111 (base 3) in base 13?
-20a37c
-7b3b57 (base 15) to base 8
-26346376
What is 2000301203 (base 4) in base 13?
15610a
-14d93 (base 14) to base 2
-1100101101100101
-102112002020 (base 3) to base 4
-313113123
What is -233433 (base 5) in base 3?
-102211012
13002405 (base 6) to base 2
1100110101010000101
Convert 798c6 (base 16) to base 4.
1321203012
What is -61864 (base 10) in base 9?
-103767
Convert -3420b9 (base 13) to base 16.
-12cf1d
What is 13331011 (base 5) in base 3?
20221002011
-24212302 (base 5) to base 6
-4502024
What is -234376 (base 10) in base 9?
-386447
What is -1120222101221 (base 3) in base 2?
-11001110100001101111
What is 2212210020 (base 3) in base 6?
1114310
What is -219a8 (base 11) in base 7?
-161525
20110001122 (base 3) to base 5
13030030
Convert 111111010001100011 (base 2) to base 10.
259171
-1837616 (base 11) to base 15
-4179bc
What is -6fda (base 16) in base 8?
-67732
b0b22 (base 12) to base 15
480db
What is 2661335 (base 7) in base 14?
91d1c
Convert -12222212010 (base 3) to base 16.
-1cce9
What is -aa74 (base 12) in base 16?
-4978
Convert 140b (base 14) to base 3.
11212002
Convert -1000100111010010100 (base 2) to base 10.
-282260
What is 3a1a3 (base 11) in base 16?
e07b
-100001001111100101 (base 2) to base 15
-2a52a
Convert 2110112220120 (base 3) to base 4.
10333303323
What is -43166652 (base 8) in base 7?
-141334525
Convert -3249a (base 15) to base 5.
-20102140
What is 36134 (base 8) in base 5?
443302
Convert 54a95 (base 14) to base 5.
23031042
3750454 (base 9) to base 7
23226661
What is -153a28 (base 13) in base 6?
-15110325
7723d (base 14) to base 9
478750
-3d897 (base 14) to base 2
-100101010000101101
Convert -11001010111100111 (base 2) to base 16.
-195e7
Convert 121300203132 (base 4) to base 2.
11001110000100011011110
What is -532525230 (base 6) in base 7?
-142450662
Convert -221330222 (base 4) to base 5.
-20444233
Convert 7b339 (base 14) to base 9.
506138
4346521 (base 8) to base 3
2012021101010
What is 130656 (base 7) in base 14?
8c2d
Convert -30186 (base 16) to base 3.
-101000020020
Convert -74667 (base 10) to base 7.
-430455
-484991 (base 11) to base 14
-15db81
Convert -4715b3 (base 16) to base 14.
-893a5d
Convert -1425343013 (base 6) to base 14.
-24a8a2d
20058c (base 13) to base 16
b587b
Convert 517282 (base 10) to base 9.
867517
What is -552005050 (base 6) in base 11?
-5647163
Convert -494184 (base 11) to base 14.
-164b42
Convert 34739 (base 16) to base 10.
214841
-22225554 (base 6) to base 14
-1371a6
Convert -6226624 (base 8) to base 14.
-30d4a0
What is b55021 (base 12) in base 5?
1212140442
60003 (base 7) to base 6
150413
15a2644 (base 11) to base 8
12315406
Convert -100110000110001001001 (base 2) to base 6.
-42431145
What is 20443411 (base 5) in base 4?
221323103
-144060 (base 8) to base 13
-1a432
Convert 10111011001011000011000 (base 2) to base 4.
113121120120
Convert 140130204 (base 5) to base 2.
10101100111001010011
-18781 (base 13) to base 16
-b941
What is -3ac07 (base 15) in base 9?
-316307
-1452465 (base 7) to base 8
-602263
What is -100111110101011100101 (base 2) in base 4?
-10332223211
What is -1091b8 (base 14) in base 10?
-562878
7a68 (base 11) to base 14
3c13
What is -1538273 (base 9) in base 7?
-10150134
-19a5 (base 12) to base 14
-120d
-233200031 (base 4) to base 11
-123205
Convert -510499 (base 10) to base 5.
-112313444
What is 6c34c (base 16) in base 4?
1230031030
Convert -4123a5 (base 13) to base 5.
-342100034
Convert -30232233233 (base 4) to base 6.
-155305555
Convert 33a478 (base 11) to base 14.
1011d9
What is -2722253 (base 8) in base 7?
-6325432
What is -2f41bd (base 16) in base 9?
-5740274
What is -2b0706 (base 16) in base 11?
-1656657
7d40 (base 15) to base 2
110011111110010
Convert 300330131 (base 4) to base 15.
3e602
-20222140 (base 5) to base 16
-280cd
1577c5 (base 13) to base 3
222222011001
What is 2100220 (base 3) in base 5?
23400
-226266 (base 8) to base 7
-440303
-461848 (base 9) to base 6
-5534155
-33515 (base 13) to base 9
-151675
1010010001101111000 (base 2) to base 9
562847
10110112211201 (base 3) to base 7
21436222
-130203001322 (base 4) to base 12
-260a8a2
Convert 158 (base 12) to base 8.
324
What is 543e8a (base 16) in base 7?
64633211
-144401 (base 7) to base 14
-a2a8
258807 (base 11) to base 8
1432622
40334 (base 6) to base 9
7254
Convert -111932a (base 11) to base 6.
-110000203
Convert 132209 (base 11) to base 4.
302300033
Convert -8929a (base 15) to base 6.
-13202214
Convert -9292ba (base 14) to base 12.
-17a42b0
-978047 (base 12) to base 3
-11111212011001
Convert -11000001011010001100 (base 2) to base 14.
-1689c0
Convert -1a6b (base 13) to base 15.
-12a1
8d7a (base 14) to base 7
131513
What is 1344007 (base 12) in base 5?
1434303333
Convert 14024043 (base 5) to base 10.
142398
-5a608 (base 16) to base 11
-233141
-1002333203 (base 4) to base 6
-5514215
Convert 1012220120 (base 3) to base 10.
23991
430288 (base 10) to base 9
725217
-13033716 (base 8) to base 11
-16aa238
What is -377111 (base 8) in base 15?
-28a8d
Convert 3a93 (base 12) to base 4.
1221033
What is -1697696 (base 10) in base 7?
-20300360
-21624652 (base 7) to base 9
-3463011
-1011110110101110101 (base 2) to base 15
-7a17e
Convert 1c4d6 (base 16) to base 10.
115926
Convert -6263169 (base 10) to base 7.
-104143653
Convert 1354901 (base 10) to base 6.
45012405
6401824 (base 9) to base 13
92c680
What is -101738c (base 14) in base 13?
-1758986
What is 2113256 (base 9) in base 3?
2010110021220
What is -226551 (base 7) in base 4?
-21330303
-1111100100001110011 (base 2) to base 13
-14b21c
Convert -9860448 (base 11) to base 3.
-1012120222201120
Convert 3500540 (base 6) to base 7.
1344006
What is 8a983 (base 12) in base 9?
311150
What is 113242432 (base 5) in base 2?
10000000000111000110
2b656b (base 12) to base 13
1ca570
Convert -378a33 (base 16) to base 11.
-2066753
Convert -380073 (base 9) to base 4.
-320011011
What is 10010100101100101100 (base 2) in base 14?
11bd6c
Convert 10010000011201 (base 3) to base 15.
229dd4
Convert 37579 (base 13) to base 2.
11000111001110111
Convert -85412 (base 12) to base 5.
-21100433
Convert -1001035 (base 8) to base 15.
-52c75
Convert 4123253 (base 6) to base 9.
331226
What is -d80b (base 16) in base 9?
-83772
-1614166 (base 10) to base 13
-446938
-98807 (base 10) to base 5
-11130212
What is -15624227 (base 8) in base 10?
-3614871
Convert 3a8ad9 (base 14) to base 13.
55a2c1
17442115 (base 8) to base 12
1449639
1446441 (base 8) to base 16
64d21
What is 9441502 (base 10) in base 3?
122